8863. What is q(-229)?
-3
Let g(t) = -48*t + 9357. Determine g(187).
381
Let v(j) = -6522*j**2 - 221763*j - 506. Give v(-34).
4
Let b(q) = 19*q**2 + 1210*q + 222. What is b(-64)?
606
Let t(y) = 3181*y**2 - 521686*y + 337. What is t(164)?
9
Let j(v) = 2*v**2 - 166*v - 1462. What is j(91)?
-6
Let p(c) = c**3 - 103*c**2 + 150*c - 5383. Calculate p(102).
-487
Let v(i) = 10*i**2 + 327*i - 297. Calculate v(-33).
-198
Let t(q) = -q**3 - q**2 + 9*q - 558. Give t(-9).
9
Let v(g) = g**3 - 71*g**2 + 92*g - 6136. Determine v(71).
396
Let y(b) = -764*b + 33659. Calculate y(47).
-2249
Let n(m) = 468*m - 64744. Determine n(139).
308
Let s(w) = -3*w**3 - 170*w**2 - 1575*w - 18. What is s(-45)?
-18
Let d(s) = -629*s + 18451. Calculate d(29).
210
Let r(m) = -m**2 + 221*m + 1404. What is r(-6)?
42
Let j(w) = -125*w - 2149. Determine j(-24).
851
Let y(m) = m**3 + 60*m**2 - 321*m - 38. What is y(5)?
-18
Let c(m) = -409*m**2 - 159*m + 325. Calculate c(2).
-1629
Let y(z) = 86*z**2 + 2345*z - 66. Calculate y(-28).
1698
Let d(v) = 121*v**3 - 2*v**2 - 258*v + 260. Give d(1).
121
Let j(g) = -g**3 + 98*g**2 - 2240*g + 1172. Determine j(35).
-53
Let i(b) = -10*b**2 + 46*b + 744. Determine i(-11).
-972
Let f(z) = z**2 + 143*z - 170. What is f(-18)?
-2420
Let o(s) = 80*s**2 - 730*s + 1456. What is o(2)?
316
Let q(n) = -831*n - 3699. What is q(-3)?
-1206
Let c(r) = -9360*r + 1048127. Give c(112).
-193
Let p(r) = -9*r**2 - 1861*r - 3281. Give p(-205).
-1
Let f(m) = 2*m**2 + 6089*m + 4299515. Determine f(-1113).
-4
Let z(l) = -l**3 + 113*l**2 - 423*l - 1442. Calculate z(109).
-25
Let w(r) = -r**3 - 102*r**2 - 779*r + 2391. Give w(-11).
-51
Let a(r) = 12*r**2 - 340*r + 3184. What is a(10)?
984
Let o(a) = a**3 - 158*a**2 + 141*a + 2521. Give o(157).
9
Let v(s) = -463*s - 11758. Determine v(-25).
-183
Let k(o) = -68*o - 4657. What is k(-68)?
-33
Let j(d) = -540*d + 966. What is j(6)?
-2274
Let b(d) = d**3 + 31*d**2 + 199*d + 280. Determine b(-7).
63
Let s(k) = 4*k**3 + 268*k**2 + 1271*k - 13. What is s(-5)?
-168
Let k(z) = 70*z**2 - 796*z - 2577. Calculate k(14).
-1
Let d(l) = -5*l**2 - 6867*l - 61540. Calculate d(-9).
-142
Let m(h) = h**3 + 266*h**2 - 1153*h - 93075. What is m(-269)?
-1
Let j(z) = -1222*z + 10990. What is j(9)?
-8
Let y(r) = 4*r**3 - 6*r**2 - 216*r - 434. Determine y(-5).
-4
Let q(d) = 2253*d + 2207936. What is q(-980)?
-4
Let c(i) = 2084*i - 6360. Determine c(3).
-108
Let c(s) = s**2 - 80*s + 872. What is c(13)?
1
Let i(y) = 21308*y - 468735. Give i(22).
41
Let w(p) = -1520*p - 24245. Determine w(-16).
75
Let w(v) = v**2 + 8621*v - 216299. Give w(25).
-149
Let l(f) = -94*f**3 - 2*f**2 - 14*f + 26. Determine l(2).
-762
Let c(z) = -z**2 + 4298*z + 34452. Determine c(-8).
4
Let t(n) = 2*n**2 - 13795*n + 41388. Calculate t(3).
21
Let g(d) = d**2 + 103*d - 14108. Calculate g(78).
10
Let j(r) = 4248*r + 1410347. Give j(-332).
11
Let p(x) = 17*x**2 + 5308*x + 4. Determine p(0).
4
Let b(x) = 949*x + 86911. Determine b(-88).
3399
Let c(y) = 13912*y - 139112. Give c(10).
8
Let c(y) = y**2 + 268*y + 15159. Determine c(-188).
119
Let j(t) = 474833*t - 3798567. Calculate j(8).
97
Let x(p) = -31*p**2 + 1726*p - 3159. Give x(54).
-351
Let k(c) = 3*c**2 + 6471*c - 6467. Give k(1).
7
Let x(z) = 1489*z + 7666. Give x(-5).
221
Let r(z) = -150*z + 6663. Give r(52).
-1137
Let d(z) = z**2 - 83395*z + 1667494. Calculate d(20).
-6
Let h(c) = c**3 - 22*c**2 + 142*c - 550. Determine h(15).
5
Let c(z) = 5790*z + 58272. Give c(-10).
372
Let f(k) = 24169*k + 217525. Calculate f(-9).
4
Let d(g) = -g**2 + 816*g - 5663. Determine d(7).
0
Let l(g) = 3*g**3 + 277*g**2 - 2020*g - 3966. What is l(-99)?
-6
Let s(a) = a - 1568. Calculate s(-45).
-1613
Let y(o) = -o**3 + 70*o**2 + 421*o - 24824. Determine y(71).
26
Let z(p) = 95889*p + 2013557. What is z(-21)?
-112
Let a(w) = -186*w**2 - 2724*w + 7449. Calculate a(-17).
3
Let u(w) = w**3 + 38*w**2 - 125*w - 1609. Determine u(-40).
191
Let a(c) = 3*c**3 - 42*c**2 - 22*c + 154. What is a(16)?
1338
Let a(l) = 11*l**2 + 1846*l + 77195. Determine a(-79).
12
Let l(d) = -3*d**2 + 1443*d - 118414. Give l(376).
26
Let d(t) = 149*t + 4518. What is d(-31)?
-101
Let i(w) = w**2 - 15552*w - 420630. What is i(-27)?
3
Let j(g) = 2076285*g - 8305126. Determine j(4).
14
Let x(w) = 4*w**3 + 206*w**2 + 642*w - 1435. What is x(-48)?
5
Let u(x) = 3*x**3 + 297*x**2 + 2444*x + 1262. Give u(-90).
2
Let c(i) = -26*i + 3926. What is c(109)?
1092
Let u(c) = -225*c - 5089. Give u(-24).
311
Let u(z) = z**3 + 132*z**2 + 182*z + 4318. Give u(-131).
-2363
Let m(c) = -22*c**2 + 4134*c + 375. What is m(188)?
-1
Let q(z) = 40*z**2 - 69*z - 1004. What is q(-11)?
4595
Let l(y) = -1769*y + 51185. Calculate l(29).
-116
Let g(b) = -b**3 + 59*b**2 - 787*b + 281. Calculate g(42).
-2785
Let t(d) = 3775*d + 94638. Calculate t(-25).
263
Let j(l) = l**3 - 31*l**2 + 178*l - 656. Determine j(24).
-416
Let u(j) = -j**3 + j**2 + 41*j + 74. Determine u(-2).
4
Let o(v) = -7682*v + 46231. Determine o(6).
139
Let q(j) = -2*j**3 + 17*j**2 + 89*j - 203. Calculate q(15).
-1793
Let u(b) = 2716*b**2 - b + 508. What is u(0)?
508
Let s(o) = o**2 + 125100*o + 7127448. What is s(-57)?
-3
Let z(w) = -433*w - 20376. What is z(-47)?
-25
Let h(f) = 527*f + 24872. Determine h(-47).
103
Let k(v) = 3904*v - 440. Give k(1).
3464
Let t(q) = 3*q**3 - 2*q**2 + 12*q + 1180. Calculate t(0).
1180
Let c(n) = 15*n**2 - 7594*n - 7608. Give c(-1).
1
Let r(b) = -b**2 + 165*b - 4445. Determine r(44).
879
Let q(d) = -d**3 - 106*d**2 + 315*d - 1281. Give q(-109).
27
Let n(x) = -476*x**3 - 2859*x**2 - 2*x + 100. Determine n(-6).
4
Let o(g) = g**3 + 85*g**2 - 758*g + 102. Calculate o(8).
-10
Let n(c) = 7*c**3 - 129*c**2 + 23*c - 67. Calculate n(18).
-625
Let v(z) = -z**2 - 1705*z - 48036. Give v(-29).
568
Let l(z) = -8*z**2 - 2739*z - 9301. What is l(-339)?
-148
Let b(y) = y**3 - 35*y**2 + 189*y - 1793. Give b(31).
222
Let t(q) = -128*q + 5175. Give t(34).
823
Let c(w) = 3*w**3 + 212*w**2 - 770*w - 100944. What is c(-67)?
25
Let o(q) = 40204*q - 321489. Calculate o(8).
143
Let v(n) = -14901*n + 119229. What is v(8)?
21
Let q(s) = -245*s - 4683. Give q(-18).
-273
Let y(d) = 6*d**3 + 149*d**2 - 41*d + 276. What is y(-26)?
-3390
Let c(s) = s**3 + 22*s**2 - 1489*s + 13841. Calculate c(18).
-1
Let l(z) = 296*z - 45239. Give l(153).
49
Let a(v) = -2*v**2 - 449*v - 23125. Calculate a(-80).
-5
Let z(o) = 25*o**2 - 2386*o + 5365. Calculate z(93).
-308
Let f(u) = 31*u + 4741. Give f(-158).
-157
Let t(n) = 52*n**2 + 336*n - 2968. Give t(5).
12
Let g(n) = -19*n**2 - 22607*n + 22603. Determine g(1).
-23
Let w(g) = -567*g + 43334. Calculate w(76).
242
Let i(h) = 703*h**2 + 1388*h + 2. Give i(-2).
38
Let r(t) = 3*t**3 + 4*t**2 - 44*t + 312. Give r(7).
1229
Let y(m) = -1215*m - 74103. Calculate y(-61).
12
Let t(g) = g**2 - 1483*g + 529659. Give t(599).
143
Let v(j) = 2*j**2 - 44281*j - 88562. Give v(-2).
8
Let f(h) = -3*h**3 - 48*h**2 - 265*h - 4350. Give f(-16).
-110
Let n(i) = 1286*i + 154328. What is n(-120)?
8
Let b(k) = 2*k**3 + 181*k**2 - 104*k - 184. Give b(-91).
999
Let j(i) = -929*i**2 - 4454*i + 961. Give j(-5).
6
Let g(z) = -61120*z + 23653455. Determine g(387).
15
Let o(b) = -b**3 + 6*b**2 + 72*b - 407. Give o(6).
25
Let h(z) = 4*z**2 + 2879*z - 749265. Determine h(203).
8
Let u(v) = v**3 - 109*v**2 - 1470*v + 2188. Calculate u(121).
10
Let u(n) = 3*n**3 + 367*n**2 - 353*n - 13340. What is u(-123)?
-179
Let n(g) = 4316*g - 923656. Calculate n(214).
-32
Let z(q) = -1949*q**2 + 11684*q + 31. Give z(6).
-29
Let a(d) = 113146*d - 10069990. Give a(89).
4
Let y(x) = x**3 - 16*x**2 - 4*x + 33. Give y(8).
-511
Let y(g) = 3*g**2 - 298*g + 5748. Give y(65).
-947
Let x(d) = -d**2 + 6*d + 46. Calculate x(-13).
-201
Let p(v) = 4*v**2 + 143*v + 1234. Give p(-10).
204
Let p(c) = 6621*c - 125800. Calculate p(19).
-1
Let k(y) = 3361*y + 49993. Determine k(-15).
-422
Let a(m) = m**3 + 511*m**2 - 741*m - 117246. What is a(-512)?
2
Let v(z) = 3*z**3 + 204*z**2 + 179*z + 12183. Determine v(-68).
11
Let w(r) = -385*r**2 - 1075*r + 308. Determine w(-3).
68
Let s(d) = -6527*d - 52226. Give s(-8).
-10
Let m(k) = -66473*k - 797752. Give m(-12).
-76
Let h(q) = -2*q**3 + 714*q**2 - 674*q - 13542. What is h(356)?
-14
Let r(z) = z**3 - 259*z**2 - 520*z - 551. Wha